{"id":735,"date":"2021-11-27T21:42:28","date_gmt":"2021-11-27T20:42:28","guid":{"rendered":"https:\/\/bettinakletzsch.de\/shop\/?post_type=product&#038;p=735"},"modified":"2022-02-19T09:11:07","modified_gmt":"2022-02-19T08:11:07","slug":"play-regenwurst-bogenkaese-nr-8","status":"publish","type":"product","link":"https:\/\/bettinakletzsch.de\/shop\/produkt\/play-regenwurst-bogenkaese-nr-8\/","title":{"rendered":"PLAY + Regenwurst &#038; Bogenk\u00e4se Nr.8"},"content":{"rendered":"<p>GR\u00d6\u00dfE:<br \/>\n35-37<\/p>\n<p>MATERIAL:<br \/>\n75 % Baumwolle, 20 % Polyamid, 5 % Elastan<br \/>\nSiebdruckfarbe<\/p>\n<p>HERSTELLUNG:<br \/>\nSocken: produziert im Erzgebirge<br \/>\nMuster: handbedruckt, als Druckvorlage dienen die Unterseiten von industriell hergestellten<br \/>\nWurst &#038; K\u00e4se Leichtverpackungen + Bauklotz Formen aus der Kollektion: PLAY, ein Wende Nachspiel<\/p>\n<p>PFLEGEHINWEIS:<br \/>\nAuf links gedreht waschen. 40\u00b0C, Waschmaschine<\/p>\n","protected":false},"excerpt":{"rendered":"<p>Super Sonder Socke!<br \/>\nZwei in einem<br \/>\nPLAY + Regenwurst &#038; Bogenk\u00e4se<\/p>\n","protected":false},"featured_media":736,"template":"","meta":[],"product_brand":[],"product_cat":[49,30],"product_tag":[202],"class_list":{"0":"post-735","1":"product","2":"type-product","3":"status-publish","4":"has-post-thumbnail","6":"product_cat-socken-35-37","7":"product_cat-socken","8":"product_tag-super-sonder-socke","9":"product_shipping_class-socken","11":"first","12":"instock","13":"shipping-taxable","14":"purchasable","15":"product-type-simple"},"jetpack_sharing_enabled":true,"_links":{"self":[{"href":"https:\/\/bettinakletzsch.de\/shop\/wp-json\/wp\/v2\/product\/735","targetHints":{"allow":["GET"]}}],"collection":[{"href":"https:\/\/bettinakletzsch.de\/shop\/wp-json\/wp\/v2\/product"}],"about":[{"href":"https:\/\/bettinakletzsch.de\/shop\/wp-json\/wp\/v2\/types\/product"}],"wp:featuredmedia":[{"embeddable":true,"href":"https:\/\/bettinakletzsch.de\/shop\/wp-json\/wp\/v2\/media\/736"}],"wp:attachment":[{"href":"https:\/\/bettinakletzsch.de\/shop\/wp-json\/wp\/v2\/media?parent=735"}],"wp:term":[{"taxonomy":"product_brand","embeddable":true,"href":"https:\/\/bettinakletzsch.de\/shop\/wp-json\/wp\/v2\/product_brand?post=735"},{"taxonomy":"product_cat","embeddable":true,"href":"https:\/\/bettinakletzsch.de\/shop\/wp-json\/wp\/v2\/product_cat?post=735"},{"taxonomy":"product_tag","embeddable":true,"href":"https:\/\/bettinakletzsch.de\/shop\/wp-json\/wp\/v2\/product_tag?post=735"}],"curies":[{"name":"wp","href":"https:\/\/api.w.org\/{rel}","templated":true}]}}