{"id":1124,"date":"2025-02-03T13:59:30","date_gmt":"2025-02-03T12:59:30","guid":{"rendered":"https:\/\/bettinakletzsch.de\/shop\/?post_type=product&#038;p=1124"},"modified":"2025-02-03T13:59:30","modified_gmt":"2025-02-03T12:59:30","slug":"t-shirt-baerchenwurst-jongliert-mit-vier-farbigen-baellen","status":"publish","type":"product","link":"https:\/\/bettinakletzsch.de\/shop\/produkt\/t-shirt-baerchenwurst-jongliert-mit-vier-farbigen-baellen\/","title":{"rendered":"T-shirt, B\u00e4rchenwurst jongliert mit vier farbigen B\u00e4llen"},"content":{"rendered":"<p>F\u00fcr die Stempeldrucke dienen die Unterseiten von Wurst-, und K\u00e4severpackungen als Druckvorlage. Die Arbeit ist eine Erg\u00e4nzung zu der Arbeit Regenwurst und Bogenk\u00e4se.<\/p>\n<p>Durch den Vorgang des Druckens wird die Kehrseites der Wegwerfgesellschaft sichtbar gemacht. Die Verschiedenen Ebenen der Verpackung werden erkennbar und versammeln sich auf dem T-shirt zu tragisch komischen Kompositionen.<\/p>\n<p>Jeder Druck ist ein Unikat.<\/p>\n","protected":false},"excerpt":{"rendered":"<p>T-Shirt: B\u00e4rchenwurst jongliert mit vier farbigen B\u00e4llen<\/p>\n","protected":false},"featured_media":1128,"template":"","meta":[],"product_brand":[],"product_cat":[192,39,35],"product_tag":[236],"class_list":{"0":"post-1124","1":"product","2":"type-product","3":"status-publish","4":"has-post-thumbnail","6":"product_cat-alle-produkte","7":"product_cat-kleidung","8":"product_cat-t-shirts","9":"product_tag-regenwurst-und-bogenkaese","10":"product_shipping_class-paeckchen","12":"first","13":"instock","14":"shipping-taxable","15":"purchasable","16":"product-type-simple"},"jetpack_sharing_enabled":true,"_links":{"self":[{"href":"https:\/\/bettinakletzsch.de\/shop\/wp-json\/wp\/v2\/product\/1124","targetHints":{"allow":["GET"]}}],"collection":[{"href":"https:\/\/bettinakletzsch.de\/shop\/wp-json\/wp\/v2\/product"}],"about":[{"href":"https:\/\/bettinakletzsch.de\/shop\/wp-json\/wp\/v2\/types\/product"}],"wp:featuredmedia":[{"embeddable":true,"href":"https:\/\/bettinakletzsch.de\/shop\/wp-json\/wp\/v2\/media\/1128"}],"wp:attachment":[{"href":"https:\/\/bettinakletzsch.de\/shop\/wp-json\/wp\/v2\/media?parent=1124"}],"wp:term":[{"taxonomy":"product_brand","embeddable":true,"href":"https:\/\/bettinakletzsch.de\/shop\/wp-json\/wp\/v2\/product_brand?post=1124"},{"taxonomy":"product_cat","embeddable":true,"href":"https:\/\/bettinakletzsch.de\/shop\/wp-json\/wp\/v2\/product_cat?post=1124"},{"taxonomy":"product_tag","embeddable":true,"href":"https:\/\/bettinakletzsch.de\/shop\/wp-json\/wp\/v2\/product_tag?post=1124"}],"curies":[{"name":"wp","href":"https:\/\/api.w.org\/{rel}","templated":true}]}}