{"id":1085,"date":"2024-10-11T14:17:44","date_gmt":"2024-10-11T12:17:44","guid":{"rendered":"https:\/\/bettinakletzsch.de\/shop\/?post_type=product&#038;p=1085"},"modified":"2024-10-11T14:18:55","modified_gmt":"2024-10-11T12:18:55","slug":"socke-regenwurst-und-bogenkaese-blau","status":"publish","type":"product","link":"https:\/\/bettinakletzsch.de\/shop\/produkt\/socke-regenwurst-und-bogenkaese-blau\/","title":{"rendered":"Socke Regenwurst und Bogenk\u00e4se, blau"},"content":{"rendered":"<p>GR\u00d6\u00dfE: 47-50<\/p>\n<p>FARBE: blau<\/p>\n<p>MATERIAL:<br \/>\n75 % Baumwolle, 20 % Polyamid, 5 % Elastan<br \/>\nSiebdruckfarbe<\/p>\n<p>HERSTELLUNG:<br \/>\nSocken: produziert im Erzgebirge<br \/>\nMuster: handbedruckt, als Druckvorlage dienen die Unterseiten von industriell hergestellten<br \/>\nWurst &#038; K\u00e4se Leichtverpackungen<\/p>\n<p>PFLEGEHINWEIS:<br \/>\nAuf links gedreht waschen. 30\u00b0C, Waschmaschine<\/p>\n","protected":false},"excerpt":{"rendered":"<p>Handgeschnitzte Socken aus dem Erzgebirge<\/p>\n","protected":false},"featured_media":1086,"template":"","meta":[],"product_brand":[],"product_cat":[192,39,234,30],"product_tag":[236,268],"class_list":{"0":"post-1085","1":"product","2":"type-product","3":"status-publish","4":"has-post-thumbnail","6":"product_cat-alle-produkte","7":"product_cat-kleidung","8":"product_cat-socken-47-50","9":"product_cat-socken","10":"product_tag-regenwurst-und-bogenkaese","11":"product_tag-socken-47-50","12":"product_shipping_class-socken","14":"first","15":"instock","16":"shipping-taxable","17":"purchasable","18":"product-type-simple"},"jetpack_sharing_enabled":true,"_links":{"self":[{"href":"https:\/\/bettinakletzsch.de\/shop\/wp-json\/wp\/v2\/product\/1085","targetHints":{"allow":["GET"]}}],"collection":[{"href":"https:\/\/bettinakletzsch.de\/shop\/wp-json\/wp\/v2\/product"}],"about":[{"href":"https:\/\/bettinakletzsch.de\/shop\/wp-json\/wp\/v2\/types\/product"}],"wp:featuredmedia":[{"embeddable":true,"href":"https:\/\/bettinakletzsch.de\/shop\/wp-json\/wp\/v2\/media\/1086"}],"wp:attachment":[{"href":"https:\/\/bettinakletzsch.de\/shop\/wp-json\/wp\/v2\/media?parent=1085"}],"wp:term":[{"taxonomy":"product_brand","embeddable":true,"href":"https:\/\/bettinakletzsch.de\/shop\/wp-json\/wp\/v2\/product_brand?post=1085"},{"taxonomy":"product_cat","embeddable":true,"href":"https:\/\/bettinakletzsch.de\/shop\/wp-json\/wp\/v2\/product_cat?post=1085"},{"taxonomy":"product_tag","embeddable":true,"href":"https:\/\/bettinakletzsch.de\/shop\/wp-json\/wp\/v2\/product_tag?post=1085"}],"curies":[{"name":"wp","href":"https:\/\/api.w.org\/{rel}","templated":true}]}}